inder when c is divided by p.
15
Suppose 14*z + 1609 - 4437 = 0. What is the remainder when z is divided by 68?
66
Suppose 5*d = -3*i + 26, 0*i - 3 = i. Let z = -7 + 15. Calculate the remainder when z/(-8)*(0 - 33) is divided by d.
5
Suppose 5*i = -2*n + 45, -4*i + 16 = 4*n - 32. Let u(a) = -8*a + 59. Let k be u(7). Let l = i - k. Calculate the remainder when 10 is divided by l.
2
Let q(f) = f**3 - 10*f**2 + 13*f - 19. Suppose -65 = g - 6*g - 5*b, 2*g + 5*b - 38 = 0. Calculate the remainder when q(9) is divided by g.
8
Let w be -120*((-66)/40)/(6/16). Suppose -17*s + 5*s + w = 0. What is the remainder when 128 is divided by s?
40
Suppose -r + 3 = -2*h + 29, h - 5*r + 5 = 0. What is the remainder when (516/h)/((-4)/(-10)) is divided by 22?
20
Let y = 354 + -360. Suppose 17 = -q - 2*b, -4*q + 3*q = -4*b + 11. Let v = y - q. Calculate the remainder when v is divided by 4.
1
Let w(m) = 5*m**2 - 11*m + 15. Calculate the remainder when 95 is divided by w(4).
44
Let x be -4*(28/(-8) - -3). Suppose n = -x*o + 25, -3*n - 2*o = -0*o - 59. Calculate the remainder when 82 is divided by n.
14
Suppose -5*c = -9 - 41. Suppose 5*o - 4*m = 86, 2*m = -o + 10 + c. Let d = -621 + 631. What is the remainder when o is divided by d?
8
Let k(o) = o**2 + 4*o + 3. Let j be k(-4). Let s = 2 + j. Suppose -4*c = -4*m + 2*m - 24, -5*m = 5*c. What is the remainder when s is divided by c?
1
Let c be 2*4/(-12)*-3. Suppose r - 7 = c. What is the remainder when 16 is divided by r?
7
Let d(q) = -q**3 - 45*q**2 + q + 58. Calculate the remainder when 219 is divided by d(-45).
11
Suppose 28*n - 53*n + 125 = 0. Calculate the remainder when 467 is divided by n.
2
Let d be -1 + -3*(-4)/(-6). Suppose -6*j - 68 = -10*j. Let p = d + j. What is the remainder when 26 is divided by p?
12
Suppose 0 = c + 21 - 3. Calculate the remainder when 6 is divided by -6*(33/c - (3 + -4)).
1
Let i(m) = -m**3 - 37*m**2 + 33*m - 107. What is the remainder when i(-38) is divided by 12?
11
Let o = -108 - -166. Calculate the remainder when 114 is divided by o/(-4)*-1*(3 + -1).
27
Let p(c) = -c - 2. Let b = 5 - 13. Let s be p(b). Let a(d) = d**2 - 3*d + 2. What is the remainder when a(s) is divided by 7?
6
Suppose -4 + 2 = 2*r, -3*p - 2*r + 205 = 0. What is the remainder when p is divided by 18?
15
Suppose -56*q + 57*q - 39 = 0. Calculate the remainder when 133 is divided by q.
16
Let n(s) = -2*s**2 + 24*s - 17. Let z = -45 + 56. What is the remainder when 26 is divided by n(z)?
1
Suppose 61 - 4 = 3*g + 3*j, 0 = -3*g + 2*j + 42. Suppose 5*f - 8*f = -15. Suppose -g = -f*q + 229. What is the remainder when q is divided by 13?
10
Let r = 1901 + -653. Suppose -454 = k - 5*o + 160, 2*k = 5*o - r. Calculate the remainder when k/(-18) + 6/(-27) is divided by 18.
17
Let r(g) = -56*g + 2. Suppose 6 = -c + 5*u, 4*c - 2*u = -7 + 1. Suppose j = -5*w + 15, -5*j - 2*w + 75 = 2*w. What is the remainder when r(c) is divided by j?
13
Let w = 251 - 221. Suppose n + 0*m = -m + 117, 5*n + 3*m - 585 = 0. What is the remainder when n is divided by w?
27
Let h = 125 - 89. Suppose -o = 2*o - h. Calculate the remainder when 23 is divided by o.
11
Let v = 819 - 802. Calculate the remainder when 524 is divided by v.
14
Suppose 3*d = -h - d + 26, 0 = -h + d + 21. Suppose 90 = -j + 4*j. What is the remainder when j is divided by (4/4)/(2/h)?
8
Let n = -755 + 822. Let x(o) be the first derivative of -2*o**2 - 9*o + 1. What is the remainder when n is divided by x(-8)?
21
Suppose 3*g + 66 = 531. What is the remainder when g is divided by 20?
15
Suppose a + 98 = 5*f, -4*a = 2*f - 9 - 39. Let w = -9 + 15. Calculate the remainder when f is divided by w.
2
Let q be 0/(-5) + (-2016)/(-2). What is the remainder when (-1 - -2)/(16/q) is divided by 16?
15
Let d = 421 - 112. Calculate the remainder when d is divided by 26.
23
Let z = -763 + 820. Calculate the remainder when 284 is divided by z.
56
Let n(j) = 2*j**3 + 12*j**2 - 4*j - 5. Calculate the remainder when 548 is divided by n(-6).
16
Suppose 3*l - 28 = -5*k, 3*l - 2 = 2*k + 33. Calculate the remainder when 39 is divided by l.
6
Suppose 2*x - 180 = 4*o, -88 = -5*x + 4*o + 362. What is the remainder when x is divided by 16?
10
Suppose r + r = -4*v + 154, 0 = -v + 4*r + 34. Suppose -320 = -4*i - 4*i. Suppose i = 2*w + 3*w. Calculate the remainder when v is divided by w.
6
What is the remainder when 18/7*70/3 is divided by 16?
12
Let v(y) = y**2 - 2*y - 8. What is the remainder when 46 is divided by v(6)?
14
Suppose -z - 19 + 125 = 0. Suppose 3*k + 13 - z = 0. Calculate the remainder when k is divided by 8.
7
Suppose -4*p + p = -270. Let n = -64 + 9. Let i = p + n. Calculate the remainder when i is divided by 19.
16
Let x(k) = -24*k - 22. Let h be x(-7). Let c = h - 79. Calculate the remainder when c is divided by 4.
3
Let r = 502 + -330. Calculate the remainder when r is divided by 59.
54
Calculate the remainder when (37/(-3))/(2/(-24)) is divided by 54.
40
Let u(w) = 141*w**3 + w**2 - 5*w + 5. Calculate the remainder when u(1) is divided by 73.
69
Suppose 4*v - 219 = -4*w - 111, -2*v - 4*w + 60 = 0. What is the remainder when 334 is divided by v?
22
Let t(i) = i**3 + 11*i**2 - 16*i - 10. Let w be t(-12). Let m = 177 + w. Let q = m + -152. What is the remainder when q is divided by 33?
30
What is the remainder when (-6)/21 + 0 + 578/14 is divided by 11?
8
Let w(a) = -a**2 - 7*a - 3. Suppose 5*d - d = 4*j - 100, 4*d = 2*j - 48. Calculate the remainder when j is divided by w(-5).
5
Suppose -10 = -13*x + 8*x. What is the remainder when 0/3 + x - -48 is divided by 26?
24
What is the remainder when 204/(-9)*(-24)/16 is divided by 7?
6
Suppose 2*k - 5*a - 12 = 19, 4*k - 5*a - 47 = 0. What is the remainder when 22 is divided by k?
6
Suppose -3*y + 25 = 3*i - 14, -4*i + 4*y = -76. What is the remainder when 383 is divided by i?
15
Let b = -23 + 27. Suppose 2*y + 44 = b*f, -4*f + 2*y - 7*y = -58. Calculate the remainder when 44 is divided by f.
8
Let l(g) = 10*g + 10. Let s be l(4). Suppose -s = -c - 9. Suppose 0 = -h + p + 3*p + c, 2*h = p + 47. Calculate the remainder when 104 is divided by h.
20
Suppose 0 = -10*u + 5*u + 495. Let l = u + -60. What is the remainder when 114 is divided by l?
36
Let h = -21 + 44. Calculate the remainder when h is divided by 26/3*24/16.
10
Suppose 3*x + 2*x = 10. Suppose q - 15 = x*b, -11 = 2*q + 4*b - 1. Suppose 55 = 2*v - q*p + 4*p, 2*v - 5*p = 43. What is the remainder when v is divided by 10?
9
Suppose 1040 = 101*k - 85*k. Calculate the remainder when 206 is divided by k.
11
Let f(t) = -2*t + 20. Let a(p) = -p + 1. Let h(n) = -4*a(n) + f(n). Calculate the remainder when 28 is divided by h(-5).
4
Let z = 1859 - 1715. What is the remainder when z is divided by 41?
21
Let z = 117 - 60. Suppose 390*o = 466*o - 1368. What is the remainder when z is divided by o?
3
Let k = 50 - 50. Suppose 0*v = -4*j - 5*v + 38, v + 2 = k. Calculate the remainder when 18 is divided by j.
6
Let m(l) = 3*l + 8. Let n be m(-6). Let c = 17 + n. Let o = -6 + c. Calculate the remainder when 1 is divided by o.
0
Let j = 880 - 539. Calculate the remainder when j is divided by 7.
5
Suppose 3*a = 4*g - 164, -5*a + 2*a - 12 = 0. What is the remainder when g is divided by 20?
18
Suppose 50*j - 48*j - 394 = 0. Calculate the remainder when j is divided by 18.
17
Let g(s) = -2*s**3 - 6*s**2 + 8*s + 6. Let o(v) = v**2 + 41*v + 149. Calculate the remainder when g(-5) is divided by o(-38).
31
Let m = 50 - -137. Calculate the remainder when m is divided by 7.
5
Let r(a) = 5*a**2 - 16*a - 30. What is the remainder when r(9) is divided by 29?
28
Let o(r) = -r**3 + 10*r**2 + 8*r - 7. Calculate the remainder when o(6) is divided by 47.
44
Suppose u + 3*u + 40 = 0. Let j = 32 + u. What is the remainder when j is divided by (2/4 - 1)*-24?
10
Suppose u = -7 + 10. What is the remainder when 19 is divided by u?
1
What is the remainder when (1 + 2)/((-276)/(-73324)) is divided by 8?
5
Let d be 1*7*((-132)/28 + 5). Calculate the remainder when 69 is divided by ((-30)/(2/(-2)))/d - -3.
15
Let b = -18 - -12. Let s(u) = -u**3 - 4*u**2 + 4*u - 8. Let d be s(b). Suppose -t = 3*t - d. What is the remainder when 18 is divided by t?
8
Suppose 2*l - 12 = -m, -m + l + 9 = -0*m. Calculate the remainder when (-4)/6*(-795)/m i